30*c**2 - 7*c - 15. Give l(-9).
291
Let o(j) = -3*j**2 - 36*j + 18. Determine o(-15).
-117
Let g(r) = -25*r + 65. Give g(9).
-160
Let c(d) = -d**3 - 89*d**2 - 990*d - 29. Give c(-13).
-3
Let k(t) = -t**3 + 11*t**2 - 70*t + 751. What is k(11)?
-19
Let m(o) = -55*o + 350. Determine m(4).
130
Let j(s) = -43*s**2 - 36*s + 73. Calculate j(2).
-171
Let i(m) = -43*m - 57. Calculate i(11).
-530
Let f(s) = -149*s - 20. Calculate f(-1).
129
Let l(f) = -10*f**2 + 23*f - 27. What is l(6)?
-249
Let b(j) = -2*j**3 + 71*j**2 + 276*j - 108. What is b(39)?
9
Let i(u) = -9*u**2 - 47*u - 63. Give i(-5).
-53
Let y(g) = 358*g + 2498. Determine y(-7).
-8
Let o(x) = -x**3 + 56*x**2 + 184*x - 418. Give o(59).
-5
Let y(d) = d**3 - 4*d**2 - 29*d - 16. Calculate y(-4).
-28
Let b(a) = -2466*a - 2475. Give b(-1).
-9
Let x(d) = 75*d - 375. What is x(5)?
0
Let j(s) = -3671*s + 113802. What is j(31)?
1
Let m(s) = 286*s - 11. Determine m(0).
-11
Let o(s) = -19*s**2 + 125*s - 163. What is o(5)?
-13
Let f(a) = -5*a**3 + 551*a**2 - 110*a + 5. Give f(110).
5
Let v(p) = -453*p**2 - 11321*p + 112. Determine v(-25).
12
Let u(o) = 9*o**2 + 3*o - 39. What is u(-4)?
93
Let x(y) = -y**3 + 7*y**2 - 23*y + 57. What is x(4)?
13
Let n(k) = 17*k**3 - 11*k**2 + 13. Give n(1).
19
Let x(q) = -q**2 - 345*q - 19247. Determine x(-70).
3
Let m(l) = 3366*l - 3370. Determine m(1).
-4
Let b(z) = -8*z - 8. Calculate b(-17).
128
Let z(y) = -295*y + 319. Calculate z(1).
24
Let f(m) = 14*m - 11. Calculate f(-12).
-179
Let f(b) = 8*b**3 - 50*b - 49. Determine f(-1).
-7
Let b(l) = 25*l + 146. What is b(3)?
221
Let r(z) = 6*z**3 - 71*z**2 - 8*z - 56. Calculate r(12).
-8
Let c(s) = 610*s**3 - 3*s**2 - 6*s + 6. What is c(1)?
607
Let w(o) = o**3 + 27*o**2 + 6*o + 144. Calculate w(-27).
-18
Let y(z) = 66*z - 13. Calculate y(3).
185
Let z(m) = -6*m**2 - 92*m - 32. What is z(-15)?
-2
Let s(f) = -2*f**3 - 22*f**2 + 27*f + 13. Calculate s(-12).
-23
Let m(o) = -13*o + 33. Determine m(2).
7
Let y(c) = c**3 + 59*c**2 + 118*c + 196. What is y(-57)?
-32
Let s(d) = 41*d + 1386. Determine s(-34).
-8
Let y(h) = 4*h**2 - 59*h + 340. What is y(7)?
123
Let b(c) = 4*c**3 - 7*c**2 - 66*c - 27. Give b(-3).
0
Let j(h) = 113*h - 432. Calculate j(5).
133
Let q(g) = 2*g**3 - 41*g**2 - 649*g - 65. Calculate q(31).
-3
Let u(p) = -p**3 + 5*p**2 + 46*p - 21. Determine u(10).
-61
Let m(w) = -w**2 + 14*w - 48. Give m(4).
-8
Let q(y) = 2*y**3 + 8*y**2 + 19*y + 64. Give q(-4).
-12
Let i(c) = 2*c**2 - 13738*c - 41228. What is i(-3)?
4
Let p(r) = -2*r**3 + 65*r**2 + 38*r - 154. Calculate p(33).
11
Let f(y) = -439*y - 13110. What is f(-30)?
60
Let h(s) = 288*s**2 + 1149*s - 15. What is h(-4)?
-3
Let n(x) = -307*x - 5211. Calculate n(-17).
8
Let n(i) = 526*i + 62074. Give n(-118).
6
Let w(q) = -2*q**3 - 38*q**2 + 835*q + 16. Determine w(13).
55
Let a(z) = z**3 - 4*z**2 + 12*z - 23. What is a(7)?
208
Let r(b) = b**2 - 57*b - 414. Calculate r(-7).
34
Let y(t) = t**2 - 23*t - 158. Give y(28).
-18
Let t(d) = -d**2 - 80*d - 217. Determine t(-3).
14
Let k(m) = m**3 + 30*m**2 - 46*m - 312. Calculate k(-31).
153
Let n(f) = -6*f**2 + 25*f - 15. Give n(6).
-81
Let u(z) = -z**2 - 19*z + 5. Give u(-11).
93
Let t(g) = 95*g + 3791. Give t(-40).
-9
Let n(v) = -v**2 - 158*v + 4795. Give n(26).
11
Let a(r) = -11*r**3 + 89*r**2 + 8*r - 19. Give a(8).
109
Let z(k) = k**3 + 42*k**2 + 359*k - 20. Determine z(-12).
-8
Let i(t) = -9*t + 36. Calculate i(4).
0
Let b(v) = -141*v**2 - 1404*v - 3. Calculate b(-10).
-63
Let v(f) = -f**3 - 5*f**2 + 4*f + 17. What is v(-6)?
29
Let g(l) = -173*l - 1044. Calculate g(-6).
-6
Let i(g) = 2*g**3 - 87*g**2 + 19*g + 1057. Give i(43).
25
Let g(c) = -193*c - 970. Determine g(-5).
-5
Let q(r) = -87*r - 740. Determine q(-8).
-44
Let j(o) = 343*o + 1865. Determine j(-5).
150
Let z(g) = 65*g - 67. What is z(1)?
-2
Let f(d) = d**3 + 77*d**2 + 276*d - 1186. Give f(-73).
-18
Let n(f) = -886*f - 1769. Give n(-2).
3
Let u(i) = -2*i**3 + 54*i**2 - 254*i - 38. What is u(21)?
-80
Let n(h) = -h**3 - 3*h**2 - 15*h - 8. Calculate n(-6).
190
Let d(k) = -11*k**2 - 712*k + 227. What is d(-65)?
32
Let l(s) = -199*s - 7170. Determine l(-36).
-6
Let p(t) = t**3 + 7*t**2 - 7*t - 39. Give p(-7).
10
Let f(n) = -3*n**3 - 73*n**2 - 15*n + 207. Give f(-24).
-9
Let m(t) = -9*t**2 - 48*t - 171. Give m(-4).
-123
Let j(g) = -g**2 - 57*g - 52. Give j(-15).
578
Let b(y) = -442*y - 5736. Give b(-13).
10
Let z(v) = v**3 - 2*v**2 - 124*v - 7. Give z(12).
-55
Let n(k) = -56*k**2 + 943*k - 37. What is n(17)?
-190
Let y(v) = -2*v**2 + 39*v + 96. Determine y(20).
76
Let q(a) = -18725*a + 93624. Give q(5).
-1
Let l(a) = a**2 + 131*a + 1538. What is l(-13)?
4
Let x(u) = -u**3 + 60*u**2 + 59*u + 72. Calculate x(61).
-50
Let b(f) = -f**2 - 15*f + 368. What is b(-28)?
4
Let y(l) = -270*l + 3251. What is y(12)?
11
Let g(z) = 15*z**2 + 2*z - 4. Calculate g(-3).
125
Let r(n) = 13*n**3 - 3*n**2 - 11*n - 17. Determine r(-2).
-111
Let o(z) = -447*z - 3579. Give o(-8).
-3
Let t(g) = -g**3 - 2*g**2 - 22*g - 28. Give t(-4).
92
Let c(o) = -o**2 - 24*o + 882. Determine c(-48).
-270
Let p(f) = -3*f**3 + 16*f**2 - 27*f + 42. Determine p(4).
-2
Let p(l) = -2*l**2 + 86*l + 9594. Give p(94).
6
Let i(y) = 2*y**3 + 11*y**2 + 15*y + 22. Give i(-4).
10
Let d(s) = -62*s + 651. Determine d(11).
-31
Let u(g) = 3*g**3 + 46*g**2 + 63*g + 46. Determine u(-14).
-52
Let g(s) = s**3 - 3*s**2 - 15*s - 7. Calculate g(-3).
-16
Let a(x) = x**2 - 26*x + 160. Determine a(15).
-5
Let m(s) = -211*s - 4639. Determine m(-22).
3
Let l(u) = -507*u - 8671. Determine l(-17).
-52
Let k(v) = v**3 - v**2 - 21*v - 67. Calculate k(6).
-13
Let l(r) = 4*r**2 + 68*r + 46. Give l(-16).
-18
Let o(s) = s**2 - 29*s + 181. What is o(10)?
-9
Let s(i) = -48*i + 1172. Give s(24).
20
Let g(m) = -4327*m + 38942. Calculate g(9).
-1
Let r(p) = 2*p**3 - 192*p**2 - 2*p + 197. What is r(96)?
5
Let n(d) = 34*d - 31. Calculate n(3).
71
Let p(t) = 10*t**2 - 83*t + 119. Determine p(6).
-19
Let r(q) = 134*q - 2848. What is r(21)?
-34
Let d(j) = -138*j**3 - j**2 - 7*j - 7. Calculate d(-1).
137
Let i(j) = 41*j**2 - 67*j - 66. Calculate i(-1).
42
Let z(y) = 141*y - 14234. Calculate z(101).
7
Let t(f) = f**2 + 9*f - 49. What is t(-13)?
3
Let p(d) = -d**2 - 64*d + 272. Calculate p(-66).
140
Let b(z) = -32*z + 3819. Give b(114).
171
Let h(q) = 22*q - 2459. What is h(109)?
-61
Let l(a) = 5*a**2 - 916*a - 1657. What is l(185)?
8
Let b(h) = 9*h**2 - 2*h + 17. What is b(4)?
153
Let w(u) = -1659*u - 6405. Calculate w(-4).
231
Let o(q) = 557*q - 17819. Give o(32).
5
Let j(q) = -12*q**2 - 80*q + 165. Determine j(2).
-43
Let i(u) = -u**2 + 71. Give i(-9).
-10
Let k(a) = -31*a**2 + 84*a - 41. Calculate k(2).
3
Let n(v) = -v**3 + 82*v**2 - 1624*v + 354. Give n(49).
11
Let p(m) = 304*m + 16. What is p(0)?
16
Let l(c) = -c**2 + 2*c + 107. Give l(-14).
-117
Let a(q) = 10*q**2 + 16*q + 47. Calculate a(-5).
217
Let v(o) = -2*o**2 + 174*o + 343. Give v(-2).
-13
Let y(r) = -1064*r + 3208. Determine y(3).
16
Let m(z) = 44*z + 3631. What is m(-81)?
67
Let l(x) = -3*x**3 - 21*x**2 + 6*x + 4. Calculate l(-5).
-176
Let j(n) = -n**3 - 50*n**2 - 403*n - 113. Calculate j(-40).
7
Let f(x) = -x**3 + 2*x**2 + 62*x + 6. What is f(9)?
-3
Let b(w) = -w**3 + 9*w**2 - 34*w + 79. Give b(6).
-17
Let v(w) = -5*w**3 + 7*w**2 + 5*w + 2. Give v(4).
-186
Let z(h) = 529*h + 8998. Calculate z(-17).
5
Let t(c) = 2*c**2 - 138*c - 913. What is t(-6)?
-13
Let h(n) = -n**3 + 27*n**2 - 48*n + 19. Calculate h(25).
69
Let q(f) = f**3 + 14*f**2 - 18*f. What is q(-15)?
45
Let h(j) = -1672*j + 5020. Give h(3).
4
Let v(d) = 3157*d + 22092. Give v(-7).
-7
Let n(w) = 16*w + 145. Give n(-2).
113
Let y(o) = o**2 - 2*o - 4. Determine y(-4).
20
Let l(d) = 5*d**2 - 30*d + 3. Give l(6).
3
Let c(u) = -346*u + 1726. Give c(5).
-4
Let p(z) = 2*z**2 - 3*z - 55. Give p(-6).
35
Let p(s) = s**3 + 8*s**2 - 2*s - 41. Determine p(-8).
-25
Let h(q) = -104*q + 512. Calculate h(5).
-8
Let g(i) = i**3 - 6*i**2 - 23*i + 144. Determine g(5).
4
Let c(o) = o**2 - 48*o + 118. Calculate c(38).
-262
Let n(v) = -4*v**2 + 135*v - 80. Determine n(33).
19
Let d(t) = -44*t + 681. Determine d(7).
373
Let k(t) = 25*t + 239. Calculate k(-9).
14
Let g(p) = 2*p**3 + 5*p**2 - 6*p + 3. Determine g(3).
84
Let x(o) = -14*o + 13. Calculate x(2).
